when 220705 is divided by 137?
135
What is the remainder when 686398 is divided by 15?
13
Calculate the remainder when 89091 is divided by 108.
99
What is the remainder when 37302 is divided by 112?
6
What is the remainder when 1902647 is divided by 11?
10
What is the remainder when 16728 is divided by 34?
0
What is the remainder when 145292 is divided by 2505?
2
What is the remainder when 11351 is divided by 96?
23
Calculate the remainder when 67096 is divided by 36.
28
What is the remainder when 19714 is divided by 510?
334
Calculate the remainder when 3140 is divided by 728.
228
What is the remainder when 46564 is divided by 234?
232
What is the remainder when 1000 is divided by 456?
88
What is the remainder when 17205 is divided by 27?
6
What is the remainder when 134056 is divided by 77?
76
What is the remainder when 10535 is divided by 192?
167
Calculate the remainder when 875 is divided by 126.
119
Calculate the remainder when 318576 is divided by 71.
70
What is the remainder when 2450 is divided by 77?
63
Calculate the remainder when 174832 is divided by 34966.
2
Calculate the remainder when 756382 is divided by 37.
28
Calculate the remainder when 135793 is divided by 109.
88
Calculate the remainder when 45800 is divided by 6536.
48
What is the remainder when 36607 is divided by 16?
15
What is the remainder when 1580 is divided by 120?
20
Calculate the remainder when 101634 is divided by 514.
376
Calculate the remainder when 61164 is divided by 4698.
90
Calculate the remainder when 14079 is divided by 7030.
19
What is the remainder when 12984 is divided by 333?
330
What is the remainder when 5438 is divided by 5404?
34
Calculate the remainder when 13400 is divided by 41.
34
Calculate the remainder when 13834 is divided by 2304.
10
Calculate the remainder when 5928 is divided by 1959.
51
What is the remainder when 13794 is divided by 276?
270
Calculate the remainder when 4322 is divided by 350.
122
What is the remainder when 42017 is divided by 161?
157
What is the remainder when 19895 is divided by 130?
5
Calculate the remainder when 153765 is divided by 47.
28
What is the remainder when 30275 is divided by 818?
9
What is the remainder when 2748 is divided by 248?
20
What is the remainder when 4086 is divided by 186?
180
What is the remainder when 6500 is divided by 340?
40
What is the remainder when 2900 is divided by 72?
20
Calculate the remainder when 442 is divided by 102.
34
Calculate the remainder when 27171 is divided by 478.
403
Calculate the remainder when 14037 is divided by 10.
7
What is the remainder when 316165 is divided by 143?
135
Calculate the remainder when 12386 is divided by 5978.
430
What is the remainder when 41567 is divided by 41528?
39
What is the remainder when 15844 is divided by 223?
11
Calculate the remainder when 42483 is divided by 204.
51
What is the remainder when 1184898 is divided by 697?
695
What is the remainder when 4442 is divided by 76?
34
Calculate the remainder when 398079 is divided by 14743.
18
What is the remainder when 2177 is divided by 95?
87
What is the remainder when 7447 is divided by 1094?
883
What is the remainder when 43008 is divided by 21487?
34
Calculate the remainder when 125773 is divided by 645.
643
What is the remainder when 44719 is divided by 1936?
191
Calculate the remainder when 18303 is divided by 1533.
1440
What is the remainder when 491977 is divided by 38?
29
Calculate the remainder when 496888 is divided by 248437.
14
What is the remainder when 2014991 is divided by 11?
0
What is the remainder when 5890 is divided by 1898?
196
Calculate the remainder when 92432 is divided by 9.
2
What is the remainder when 112321 is divided by 82?
63
What is the remainder when 1869 is divided by 121?
54
What is the remainder when 1583 is divided by 199?
190
What is the remainder when 7093 is divided by 2362?
7
What is the remainder when 27608 is divided by 375?
233
Calculate the remainder when 15195153 is divided by 19.
17
Calculate the remainder when 51605 is divided by 154.
15
Calculate the remainder when 3882 is divided by 952.
74
Calculate the remainder when 59523 is divided by 5411.
2
Calculate the remainder when 2021373 is divided by 785.
783
Calculate the remainder when 336074 is divided by 26.
24
What is the remainder when 223268 is divided by 53?
32
Calculate the remainder when 17078 is divided by 40.
38
What is the remainder when 6028 is divided by 563?
398
What is the remainder when 33243595 is divided by 19?
17
What is the remainder when 1508 is divided by 511?
486
Calculate the remainder when 403 is divided by 19.
4
What is the remainder when 48421 is divided by 48421?
0
What is the remainder when 141 is divided by 129?
12
What is the remainder when 8907 is divided by 387?
6
What is the remainder when 225757 is divided by 645?
7
What is the remainder when 2080 is divided by 113?
46
What is the remainder when 63246 is divided by 63246?
0
Calculate the remainder when 368504 is divided by 2835.
2789
Calculate the remainder when 52333 is divided by 199.
195
What is the remainder when 1117 is divided by 174?
73
Calculate the remainder when 5476 is divided by 83.
81
Calculate the remainder when 2368 is divided by 899.
570
What is the remainder when 271852 is divided by 54361?
47
What is the remainder when 73729 is divided by 482?
465
What is the remainder when 10887 is divided by 899?
99
What is the remainder when 33729 is divided by 14?
3
Calculate the remainder when 395623 is divided by 79123.
8
What is the remainder when 5345 is divided by 2533?
279
Calculate the remainder when 129561 is divided by 30.
21
What is the remainder when 3492 is divided by 891?
819
Calculate the remainder when 1217 is divided by 23.
21
What is the remainder when 21937 is divided by 46?
41
Calculate the remainder when 664244 is divided by 44.
20
Calculate the remainder when 4534047 is divided by 334.
331
Calculate the remainder when 2414 is divided by 1429.
985
What is the remainder when 4787 is divided by 56?
27
Calculate the remainder when 8843 is divided by 94.
7
What is the remainder when 24107 is divided by 129?
113
What is the remainder when 100647 is divided by 157?
10
Calculate the remainder when 2156 is divided by 10.
6
What is the remainder when 98530 is divided by 12316?
2
Calculate the remainder when 3463 is divided by 1154.
1
Calculate the remainder when 5517 is divided by 775.
92
What is the remainder when 89028 is divided by 51?
33
Calculate the remainder when 121431 is divided by 3571.
17
Calculate the remainder when 8158 is divided by 68.
66
Calculate the remainder when 37908 is divided by 1227.
1098
What is the remainder when 5598 is divided by 558?
18
Calculate the remainder when 162864 is divided by 125.
114
Calculate the remainder when 455 is divided by 269.
186
What is the remainder when 7561 is divided by 3564?
433
Calculate the remainder when 26489 is divided by 8579.
752
Calculate the remainder when 22084 is divided by 6883.
1435
What is the remainder when 6118 is divided by 303?
58
Calculate the remainder when 13075 is divided by 38.
3
What is the remainder when 887 is divided by 53?
39
What is the remainder when 7725 is divided by 117?
3
What is the remainder when 1311 is divided by 82?
81
Calculate the remainder when 625625 is divided by 56.
49
What is the remainder when 225206 is divided by 75068?
2
Calculate the remainder when 1660854 is divided by 15.
9
Calculate the remainder when 601 is divided by 356.
245
What is the remainder when 108391 is divided by 136?
135
Calculate the remainder when 242 is divided by 60.
2
What is the remainder when 2874 is divided by 263?
244
What is the remainder when 360897 is divided by 177?
171
What is the remainder when 4729 is divided by 57?
55
Calculate the remainder when 10254 is divided by 15.
9
Calculate the remainder when 12451 is divided by 562.
87
Calculate the remainder when 1000 is divided by 182.
90
What is the remainder when 4615 is divided by 37?
27
What is the remainder when 51787 is divided by 12940?
27
What is the remainder when 1038 is divided by 358?
322
Calculate the remainder when 2962 is divided by 1265.
432
What is the remainder when 113392 is divided by 103?
92
What is the remainder when 7470 is divided by 